 highest common factor of 18 and 72?
18
What is the greatest common factor of 2119 and 1467?
163
Calculate the highest common divisor of 2346 and 184.
46
Calculate the greatest common factor of 3054 and 24.
6
What is the highest common factor of 7986 and 6?
6
Calculate the greatest common divisor of 240 and 3660.
60
What is the greatest common factor of 245 and 49?
49
What is the greatest common factor of 633 and 3?
3
Calculate the greatest common divisor of 13991 and 34.
17
What is the highest common factor of 21686 and 14?
14
Calculate the highest common divisor of 120 and 3180.
60
Calculate the greatest common factor of 5760 and 432.
144
Calculate the highest common divisor of 540 and 20.
20
What is the highest common factor of 5111 and 38?
19
Calculate the greatest common factor of 90 and 180.
90
What is the highest common factor of 32 and 5536?
32
What is the highest common divisor of 2240 and 35?
35
Calculate the greatest common factor of 165 and 24.
3
Calculate the greatest common divisor of 380 and 80.
20
What is the greatest common factor of 33 and 69?
3
What is the greatest common divisor of 270 and 243?
27
What is the greatest common divisor of 21 and 49518?
21
Calculate the highest common divisor of 42 and 567.
21
What is the highest common factor of 192 and 324?
12
Calculate the highest common factor of 396 and 8844.
132
Calculate the greatest common divisor of 9912 and 21.
21
Calculate the highest common factor of 1026 and 228.
114
What is the highest common factor of 48 and 11040?
48
What is the greatest common divisor of 525 and 165?
15
What is the highest common divisor of 42 and 105?
21
Calculate the greatest common factor of 1474 and 2.
2
Calculate the greatest common factor of 37320 and 120.
120
What is the greatest common divisor of 1855 and 35?
35
What is the greatest common factor of 799 and 611?
47
What is the highest common factor of 10 and 410?
10
Calculate the highest common factor of 28560 and 14.
14
What is the highest common factor of 3029 and 26?
13
Calculate the highest common factor of 1060 and 53.
53
What is the highest common divisor of 1265 and 528?
11
Calculate the highest common factor of 65 and 5.
5
Calculate the greatest common divisor of 3731 and 287.
287
Calculate the highest common divisor of 264 and 216.
24
Calculate the greatest common factor of 60 and 96.
12
Calculate the highest common factor of 70 and 112.
14
What is the greatest common divisor of 4368 and 1326?
78
Calculate the highest common divisor of 39 and 3978.
39
Calculate the highest common factor of 6 and 13887.
3
Calculate the greatest common divisor of 390 and 1248.
78
Calculate the highest common divisor of 7 and 42.
7
Calculate the greatest common factor of 700 and 40.
20
What is the greatest common factor of 189 and 3171?
21
What is the highest common factor of 105 and 42?
21
Calculate the highest common divisor of 3296 and 32.
32
Calculate the highest common divisor of 21 and 1743.
21
What is the highest common divisor of 12910 and 30?
10
What is the highest common factor of 27 and 45?
9
Calculate the greatest common divisor of 156 and 390.
78
What is the highest common divisor of 385 and 1015?
35
Calculate the highest common divisor of 5 and 1580.
5
Calculate the greatest common factor of 134076 and 12.
12
What is the greatest common divisor of 465 and 1581?
93
What is the highest common factor of 9 and 225?
9
Calculate the greatest common divisor of 117 and 27.
9
What is the highest common factor of 923 and 1775?
71
What is the greatest common divisor of 2346 and 17?
17
What is the highest common divisor of 535 and 4173?
107
What is the greatest common divisor of 35310 and 660?
330
Calculate the greatest common divisor of 370 and 60.
10
Calculate the greatest common factor of 224 and 104.
8
Calculate the highest common divisor of 371 and 280.
7
Calculate the greatest common factor of 436 and 327.
109
Calculate the highest common divisor of 400 and 175.
25
What is the highest common divisor of 1456 and 91?
91
What is the highest common divisor of 34 and 39899?
17
Calculate the greatest common factor of 1748 and 276.
92
What is the highest common factor of 224 and 196?
28
What is the greatest common factor of 19 and 7201?
19
Calculate the highest common divisor of 2028 and 48.
12
What is the greatest common divisor of 516 and 48?
12
Calculate the greatest common factor of 27 and 729.
27
What is the greatest common divisor of 495 and 45?
45
What is the greatest common divisor of 40 and 70?
10
What is the highest common factor of 12218 and 447?
149
Calculate the greatest common factor of 8 and 460.
4
What is the highest common factor of 126 and 2628?
18
Calculate the highest common factor of 138 and 2.
2
What is the greatest common divisor of 146 and 73?
73
Calculate the greatest common divisor of 112 and 176.
16
Calculate the greatest common divisor of 75 and 20175.
75
What is the highest common divisor of 196 and 686?
98
Calculate the greatest common divisor of 51 and 340.
17
Calculate the greatest common factor of 32 and 1360.
16
Calculate the greatest common factor of 65 and 4732.
13
What is the highest common divisor of 9715 and 87?
29
What is the highest common divisor of 54 and 564?
6
Calculate the greatest common factor of 26 and 819.
13
Calculate the highest common factor of 8 and 128.
8
Calculate the greatest common factor of 36 and 2724.
12
What is the greatest common divisor of 320 and 5?
5
What is the highest common divisor of 120 and 1410?
30
Calculate the highest common divisor of 30527 and 178.
89
Calculate the highest common divisor of 488 and 1037.
61
What is the greatest common factor of 15752 and 352?
88
Calculate the highest common divisor of 88 and 5918.
22
What is the greatest common factor of 117 and 104?
13
Calculate the highest common divisor of 1806 and 546.
42
What is the greatest common factor of 1150 and 40?
10
Calculate the highest common factor of 943 and 82.
41
What is the greatest common factor of 17546 and 62?
62
What is the greatest common divisor of 2958 and 255?
51
Calculate the greatest common factor of 28 and 4711.
7
Calculate the highest common divisor of 165 and 143.
11
What is the highest common divisor of 2967 and 92?
23
Calculate the highest common divisor of 123 and 328.
41
Calculate the highest common factor of 527 and 51.
17
Calculate the greatest common divisor of 1121 and 19.
19
Calculate the greatest common divisor of 1845 and 45.
45
What is the greatest common factor of 791 and 133?
7
What is the highest common factor of 16 and 408?
8
What is the greatest common factor of 17 and 1037?
17
What is the greatest common divisor of 46 and 621?
23
Calculate the greatest common factor of 80 and 166.
2
What is the greatest common factor of 170 and 10?
10
Calculate the highest common factor of 46 and 621.
23
Calculate the greatest common factor of 7469 and 11.
11
Calculate the greatest common divisor of 80 and 70.
10
Calculate the highest common divisor of 576 and 36.
36
What is the highest common factor of 67 and 67?
67
What is the highest common factor of 33 and 1551?
33
Calculate the greatest common divisor of 91 and 13.
13
What is the greatest common factor of 112 and 21?
7
What is the greatest common factor of 2294 and 222?
74
What is the highest common divisor of 5 and 25?
5
Calculate the highest common factor of 2895 and 15.
15
What is the highest common factor of 16 and 766?
2
Calculate the greatest common divisor of 30 and 9480.
30
What is the highest common factor of 493 and 153?
17
Calculate the greatest common divisor of 7 and 287.
7
What is the highest common factor of 39 and 3?
3
What is the greatest common factor of 144 and 396?
36
Calculate the highest common factor of 96 and 72.
24
What is the highest common factor of 161 and 45241?
161
What is the greatest common factor of 40309 and 233?
233
Calculate the greatest common divisor of 266 and 57.
19
Calculate the greatest common factor of 689 and 26.
13
What is the greatest common factor of 44 and 308?
44
What is the highest common divisor of 64 and 104?
8
Calculate the highest common factor of 128 and 16.
16
Calculate the highest common factor of 168 and 408.
24
Calculate the highest common divisor of 34 and 1462.
34
What